 -22 + 15 - 8?
-9
Evaluate 10 - (-63 + 78 + (2 - 0)).
-7
Calculate (13 - (1 + 13 + -9)) + -25.
-17
25 + (-38 - 1) - (-2 + (4 - -1))
-17
What is the value of (8 - (16 - 8)) + 0 + (-4 - -5)?
1
Evaluate 0 + 3 + -10 - (-21 + 21 - -7).
-14
Evaluate 9 + (-8 - (-12 + -3)) - -3.
19
What is 186 + -182 - (3 + -1 + -3 + 2)?
3
Calculate -10 + 8 - (-11 - -7) - 3.
-1
What is the value of -5 + 39 - 20 - 29?
-15
Calculate 1 + -1 - (7 + -26 - -25).
-6
-28 - (-3 + 10 + (-8 - 0) + -2)
-25
What is the value of (4 - -18) + -7 + -3 + -33?
-21
4 + (3 - (14 - (-3 + -3 + 11)))
-2
Calculate 157 - 190 - (-2 + -22).
-9
What is 0 + 7 - (-48 - -62)?
-7
(1 - 26 - -14) + -3 + (-2 - -10)
-6
Evaluate (7 - (4 - 1)) + -42 + 39.
1
What is the value of -70 + 83 + (-1 - 6) - 2?
4
What is -1 - (-36 + (16 - 0))?
19
(2 - -3 - -1) + 1 - (4 + -3)
6
What is the value of -22 + (-9 - 0) + (186 - 180)?
-25
30 - ((51 - 20) + -23)
22
-3 - -16 - (15 - 5 - (1 + 3))
7
What is the value of -23 - (-13 + 11) - (-5 - (0 + 0))?
-16
Calculate (-15 - -8 - -7) + (-6 - 5).
-11
Calculate -174 + 141 - (-25 + 6).
-14
Evaluate -8 + -1 - (19 - (5 + -5 + 11)).
-17
Calculate -3 + (3 - -15) + 0 + -2 + 3.
16
What is the value of -97 + 121 - (0 - (3 - (6 - 4)))?
25
Evaluate -4 + (4 - (-3 + 6) - (8 + -7)).
-4
Calculate -36 - 7 - (-3 + -5 + 3).
-38
Evaluate 12 - (-2 + 8 + 5).
1
What is -14 + 7 - (-21 - -14) - 17?
-17
Evaluate ((-28 - -11) + 6 - 1) + -1.
-13
What is (0 + 4 - 9) + 5 + -14 + 0?
-14
What is (50 - 40) + (-8 - -1)?
3
What is the value of (-3 - -6) + -3 + 3 + 3 + 9?
15
What is the value of -7 + -3 + (-5 - 8) + 5?
-18
What is (-12 - -8) + 1 + 0 + (14 - 1)?
10
Calculate 6 + (-1 - -9 - (26 - (35 + -13))).
10
Calculate 7 + (-10 - (-18 - -11)) + 10.
14
Evaluate (0 - 1) + (24 - 18) - (29 + -3).
-21
(-14 - -10) + (-17 - -3) - (2 - 8)
-12
What is the value of 8 + 31 + -35 - (9 - 0)?
-5
Evaluate 22 + -15 - -11 - 23.
-5
What is (0 - -2) + -6 + (9 - (7 + 4))?
-6
What is the value of (2 - (0 + -2)) + 16 + -17 + -10?
-7
-3 + -3 + -3 + (40 - 33)
-2
What is (-1 - (3 + (3 + 3 - 8))) + 5?
3
13 + -9 + -6 + -6
-8
Calculate -19 + 12 + 16 - ((3 - 3) + -4).
13
What is 5 + -169 + 163 + (24 + 0 - 2)?
21
What is -2 - 0 - -1 - (3 - (-18 + 17))?
-5
-2 + (5 + -2 - (6 + -13))
8
What is -11 + 8 + 11 + -7 + -3?
-2
35 + -1 - (11 + -33 - -24)
32
What is (9 - -2) + -2 + -7 - 0?
2
What is -14 - (-44 - (-17 + -11))?
2
What is -16 - (-9 + 1 + 15 + (1 - 3))?
-21
Evaluate -8 + -10 + 17 + -8 + 24.
15
Calculate (21 - 10) + 5 + -5 + -1.
10
What is the value of -16 + 8 + (-2 + 0 - -12)?
2
Calculate 6 + 8 + -22 - (-5 - -17).
-20
Evaluate 9 + (-5 - 7) + 2 + 1 + -8.
-8
-37 + -12 - (27 - 63)
-13
Evaluate (10 - 1 - (42 - (6 - -13))) + 2.
-12
Calculate 32 + -9 - (39 - 16).
0
(5 - (-6 + 3) - (-6 - 1)) + 8
23
What is 3 + 2 + 1 + -2 + -7?
-3
Evaluate 3 + (-16 - -8 - (-2 + 2)).
-5
Evaluate 8 - (-5 + -5 + 9 + (9 - 14)).
14
What is the value of (2 - 8) + -1 - 3 - (-4 + 7)?
-13
Calculate 3 + (14 - (8 + 10)).
-1
Calculate 18 + 0 + 1 + (-302 - -313).
30
What is 7 - (1 + -4 + (-36 - -43))?
3
Calculate -20 + (-9 - 7 - (-2 + -7 + 3)).
-30
Evaluate 171 - 154 - (0 - -25).
-8
Evaluate ((3 - 2 - 2) + 1 - 0) + 13.
13
What is -10 + 6 + (-4 - -9)?
1
What is the value of 23 - (0 + (24 - -13))?
-14
What is 1 + (1 - -17) - (333 - 326)?
12
8 - (-18 - -18 - 13)
21
Calculate (15 - 22) + -7 - -29.
15
What is 0 + 17 + 1 + 8 + -16?
10
What is (-14 - -5) + (-19 - -7)?
-21
Evaluate (6 + 0 - (-50 + 61)) + 11 + 0.
6
(-19 - -4 - 5) + 23
3
Calculate -10 - ((-18 - -30) + -13).
-9
Calculate (-6 - 2 - -8) + 0 - -3.
3
Evaluate (21 - 11) + -47 + -13 + 10.
-40
What is (8 - -1) + -1 + 2 - (-6 - -10)?
6
-11 + 3 - ((7 - -7) + -52)
30
Calculate -14 + 5 + 2 - (-20 + 1 - 2).
14
What is the value of 251 + -243 - (-4 + 2 + 0)?
10
What is -10 - (1 - (-9 - -24))?
4
24 + (-30 + -22 - -34)
6
Calculate 14 + -18 - (-5 + -4 + 9 + -6).
2
Calculate -5 + (-3 - (1 + 0)) + -5.
-14
Calculate -2 + 9 - -5 - (-19 - -15).
16
-40 - -19 - -5 - -14
-2
Evaluate -9 + (-57 - -31 - -14).
-21
What is the value of 11 + -2 - (-31 - (-6 + -16))?
18
What is -2 + (-44 - -26 - -24)?
4
Evaluate (-7 - 5) + -20 + 8.
-24
What is the value of (3 - (3 + -3)) + (-3 + -9 - 11)?
-20
(5 - 5) + -9 + (4 + -4 - 10)
-19
Evaluate (-3 - (-6 - -3 - -9 - 11)) + -6.
-4
What is the value of -6 + 50 + 5 + -16 + 0?
33
1 + 0 + (0 + 7 - 3) - 11
-6
Calculate -204 + 189 + 31 + -1.
15
What is the value of (65 - 81) + (-1 - (2 + -2)) + 6?
-11
-13 - (-9 - (-19 + 4 - -2))
-17
Evaluate 1 + (19 - (-3 + -20 + 12 + 10)).
21
Calculate -1 - (13 + -25 + -16).
27
What is 6 + 23 + -24 + -18?
-13
Calculate 10 - ((-6 - 10) + 9 - (7 + -10)).
14
What is the value of (10 - (0 - -14)) + -8 - -34?
22
Calculate 1363 - 1339 - (30 + -1).
-5
-14 - ((-10 - -5) + -17 + 10)
-2
What is -52 - (-22 - (-7 + 29))?
-8
Calculate (-14 - -21) + 6 + (-13 - 0).
0
Evaluate (-1 + -9 - -22 - 15) + 11.
8
What is 167 + -199 + 4 + 2 + -5?
-31
(2 - (-2 + 1)) + (34 + -18 - 20)
-1
What is -3 + (24 + (-31 - 2) - (1 + -16))?
3
What is the value of 7 - (5 - ((26 - 1) + (-5 - -1)))?
23
What is the value of 10 - ((-6 - 0 - (101 - 106)) + 15)?
-4
7 + 5 + (20 - (10 - -4))
18
-836 + 865 + (-24 - 0)
5
What is 9 - ((-8 - -9) + 36)?
-28
-11 + (13 + -35 - -43)
10
28 - (19 + -7) - 14
2
What is the value of 5 - (-16 + -1 + 18)?
4
Evaluate -15 + 11 + 22 + -13.
5
Evaluate -41 - 1 - (-184 - -171).
-29
Calculate (0 - 18) + (314 - 283).
13
Calculate (-1 - 16) + 17 + (-18 - (-15 + 5)).
-8
What is 58 - 50 - ((-6 + 2 - -14) + -2)?
0
What is -26 + 31 + (-2 - 3)?
0
What is 10 + (-74 - -79) + 1 + -8 + -1?
7
What is -5 - 3 - 10 - (-17 - -16)?
-17
What is the value of -4 - (-9 - -12 - 1)?
-6
Evaluate 4 + -15 - (20 - 16 - 31).
16
-9 + 0 + 8 - 0
-1
What is 2 + 0 - (15 + -1 + -26 + -22)?
36
What is the value of (-28 - -54 - -2) + -15?
13
What is the value of 15 + -27 - (7 + -1)?
-18
What is 8 + (-9 - (-10 - 0))?
9
Calculate -31 + 24 - (0 + -4) - -8 - -3.
8
Calculate 1 + (-23 - -30 - 22).
-14
What is the value of -188 - -165 - (12 + 0)?
-35
What is the value of 2 + -1 + -8 + (-8 - -27) + 0?
12
Evaluate 19 + -26 - 7 - -2.
-12
What is the value of 4 + (-11 - -6) + 17 - (-20 - -27)?
9
Evaluate -7 - -7 - (8 + -18 + 8 + 2).
0
Evaluate 11 - (-17 - (2 + -18)).
12
What is the value of (2 - 9) + (6 - -2) + 5?
6
Calculate (-618 - -624) + 1 + 0 + -20.
-13
Evaluate 6 - (-19 + 5) - 5.
15
Evaluate 9 + -21 + 3 + 15.
6
What is (-13 - 2) + -9 + (-8 - -4) - 0?
-28
9 + (24 - 19) + 3
17
What is -8 + 0 - (-42 - -36) - 3 - -7?
2
(-9 - 3) + (-1 - 0) + 3 + -4
-14
What is -4 + (-11 + 10 + -7 - -19)?
7
Evaluate 28 - (24 - (8 - 3)).
9
264 + -270 + 9 + 1
4
What is the value of -11 - -7 - 9 - (-1 - 23)?
11
Calculate 21 - (21 - 13) - 6.
7
What is -41 - (24 + -51) - -35?
21
What is -5 - ((14 - 21) + 21 - (2 - -2))?
-15
What is -19 - (-1 + 28 - 81)?
35
Evaluate 1 - (-8 - 0) - (1270 + -1266).
5
Evaluate -1 + 3 + -3 + (-3 - -26) + -5.
17
Evaluate 3 - (-2 - (-6 - (2 - 5) - -2)).
4
Calculate (104 - 97) + (-3 - (2 + 3)).
-1
What is 40 + -26 + -3 - 7?
4
What is the value of -1 + (2 - (4 - -2)) + 0?
-5
Calculate -30 - (-22 - -24) - -17.
-15
Evaluate 18 + -26 - 0 - (0 - 0) - -1.
-7
Calculate (-35 - -17) + 7 - -37.
26
Calculate (253 - 261) + -1 + 15.
6
(-1 - 20) + (-25 - 0 - (347 - 362))
-31
What is 11 + -26 + -1 - (-27 - 0)?
11
Calculate (-2 - (3 - -5)) + -495 + 525.
20
Calculate 17 - ((2 - 10) + 23 - 6).
8
What is the value of 3 - (-6 + (8 - (-9 + 11)))?
3
Calculate 8 - (-26 + 25 - (-8 - -2)) - 3.
0
Evaluate 25 + (-12 - (-7 + 19 - 13)).
14
What is 6 + -4 + 7 - (1 + 19)?
-11
Evaluate (0 - (8 + -13)) + 1 - (3 + -1).
4
What is -1 + -5 + (9 + 2 - 5) + 0?
0
What is 1 + (-4 + 11 - 18) + -3 + 0?
-13
What is the value of 16 + (-20 - -12 - 23)?
-15
Calculate (3 + (4 - 1) - 0) + (-76 - -52).
-18
Evaluate (-9 - 4 - -9) + (-2 - -4 - 3).
-5
What is (2 - (-1 - (5 - 8))) + 7 + -2?
5
Calculate -6 + (-4 + 4 + 4 - 2) - -21.
17
Calculate -8 - (-6 + (1 - -1)) - (105 + -126).
17
Evaluate 12 + -7 + 29 + (38 - 49).
23
What is the value of (30 - 11) + (26 + -32 - (-1 - 0))?
14
Evaluate 3 + (-8 - (4 - 7)) - -11.
9
6 - (24 + -12 + (0 - -7))
-13
Calculate (36 - (-9 - -33)) + -17.
-5
Evaluate 0 + -8 + -4 + 7.
-5
Calculate 11 + -8 + 3 - (-7 - (-8 - -4)).
9
What is 4 + (-12 - 3) + 5 + (1 - 8)?
-1